x = -5 + -3. What is the units digit of k(x)?
2
Let p = 0 - 9. What is the units digit of (p/(-12))/((-1)/(-24))?
8
Let w(t) = t**3 + 4*t**2 - 2*t - 4. Let j = -3 - 1. Let n be w(j). What is the tens digit of ((-88)/(-12))/(n/6)?
1
Suppose 4*v + 2*j - 54 = 54, -2*j + 82 = 3*v. What is the tens digit of v?
2
Suppose 0*g + 3 = g. Suppose -g*n + 3 + 3 = 0. What is the units digit of n?
2
Suppose 0 = -0*s + 2*s. Let o(x) = -x**3 + 7*x**2 + 8*x + 11. Let n(h) = -h**3 + 6*h**2 + 7*h + 10. Let q(j) = 7*n(j) - 6*o(j). What is the units digit of q(s)?
4
Let v = 204 + -130. What is the tens digit of v?
7
Suppose 0 = 4*l + l + 25. What is the units digit of ((-6)/l)/((-6)/(-20))?
4
Suppose 2*g + 3*g - 55 = 0. What is the tens digit of g?
1
Suppose y = -0*y + 3. Suppose y*k - 2*k = 28. What is the units digit of k?
8
Let h be (-2 - -2)*1 + 2. Suppose h = 2*s + 12, 3*y + 2*s = -22. Let i = y - -10. What is the units digit of i?
6
Let d(p) be the second derivative of p**5/20 + 7*p**4/6 + 5*p**2 - 3*p. What is the tens digit of d(-14)?
1
Let f(g) = -g + 1. Let b(t) = 2*t**2 + 8*t. Let l(q) = -b(q) - 2*f(q). Let i be l(-5). What is the units digit of (3 - i)*(-2)/(-5)?
0
Suppose -2*o + 0 = -4. Suppose -33 = -o*l + 7. What is the tens digit of l?
2
Suppose 3*v + s - 71 = 0, s = 2*v - 0*s - 39. What is the units digit of v?
2
What is the units digit of 1130/14 + (-8)/(-28)?
1
Let i be 7/28 + 58/(-8). Let w = i - -14. What is the units digit of w?
7
Let p(i) be the first derivative of -i**2/2 + 9*i + 1. Let v be p(5). Suppose -2*u - 9 = -5*h + 2*h, 12 = v*h - 2*u. What is the units digit of h?
3
Suppose -2 = 2*x - 3*x. Suppose 4*g = x + 2. What is the units digit of g?
1
Let n(w) = w**2 - 4. What is the tens digit of n(-5)?
2
Let t(z) = -2*z + 3. Let q(i) = -i**2 + i - 3. Let m be q(3). Let r be t(m). Suppose -24 = -p + 3*o - 0*o, 3*o - r = -4*p. What is the units digit of p?
9
Let k(h) = -6*h + 1. Let f be k(3). Let z = f + 35. What is the units digit of z?
8
Let c(r) = r**2 - 2*r + 4. Let o(d) = 1. Let p(b) = c(b) + o(b). What is the units digit of p(5)?
0
Suppose 4*s - 5*m - 143 = 0, 4*s - 3*s - 38 = 2*m. Let g be ((-3)/1)/((-6)/s). Suppose 2*l - g - 8 = 0. What is the units digit of l?
2
Let s(r) = r**3 + 12*r**2 - 3*r - 17. Suppose -5*a + 34 = 94. What is the units digit of s(a)?
9
Let f(b) = -b - 7. Let h be f(-7). Suppose -2*a + 22 + 22 = h. What is the units digit of a?
2
Let m(u) = -u**2 + 6*u + 3. Let q be m(6). Suppose 0 = q*l - 217 + 76. What is the tens digit of l?
4
What is the tens digit of (1 + -58)*(-30)/45?
3
Let p(s) = s - 7. Suppose -28 = -3*h - 5*y, 2*h - 2*y = 3*y + 27. What is the units digit of p(h)?
4
Let c be (-6)/10 - (-2)/(-5). What is the units digit of -1 + 12 + 0/c?
1
Suppose 0 = 4*h - 5*u - 24 + 4, 5*u = 0. Suppose -2*o - 2*d + 3*d + 9 = 0, 3*o - 20 = -h*d. What is the units digit of o?
5
Let l be 40/(-3) - 8/12. Let o = l - -10. What is the tens digit of ((-17)/o)/((-4)/(-16))?
1
Suppose 4*q = 8*q + 5*k - 652, 3*k = -2*q + 324. What is the tens digit of q?
6
Let n = 626 + -375. What is the hundreds digit of n?
2
Let h(z) = -z**2 - z + 3. Let t be 4/(-26) - 10/(-65). Let d be h(t). What is the tens digit of (3 - 0 - d) + 16?
1
Let k = 476 + -275. What is the hundreds digit of k?
2
Let o be 6*(-9)/(-6)*1. Suppose 1 = 2*b - o. What is the units digit of b?
5
Let n be 1*(69 + -2) + 3. Suppose -5*a = -a - m - n, -5*m + 58 = 4*a. What is the units digit of a?
7
Let m be (-6)/((-1 - -3) + 0). Let r be (-14)/(-6) - m/(-9). Suppose 14 = r*s - 0*s. What is the units digit of s?
7
Suppose 0*b - 37 = y + 4*b, 2*y = -b - 67. Let i = y + 63. What is the tens digit of i?
3
Let b be (-36)/(-126) + (-220)/(-14). Let i(z) = -z**2 + 18*z - 12. What is the tens digit of i(b)?
2
Suppose -2*a - 9*a + 616 = 0. What is the tens digit of a?
5
Let v = 15 + -5. What is the tens digit of v?
1
Suppose 5*x - 102 + 31 = 2*j, -81 = -5*x - 3*j. What is the tens digit of x?
1
What is the units digit of 186 - 3/((-1)/1)?
9
Let q = -10 - -15. Let w = -4 + q. What is the units digit of w?
1
Let i(j) = -j + 10. Let l(w) = -w + 10. Let r(a) = 5*i(a) - 6*l(a). Let k be r(0). What is the units digit of (-72)/(-15) + (-2)/k?
5
Let k = -10 - -23. What is the tens digit of k?
1
What is the units digit of (-202)/(-6) + (-161)/21 + 7?
3
Suppose s + 1 = 4*x, 2*s - 2*x - 10 = -6*x. Let r be s/(-6) + (-9)/(-2). Suppose v + 15 = 3*o, -3*o + 12 = o - r*v. What is the units digit of o?
6
Suppose 5*y + 15 = -5*n, n = 3*y - 0*y + 9. Suppose -15 = -0*d - d. Suppose n = -3*r + 15, d = 2*u + 5*r - 20. What is the units digit of u?
5
Let r = -29 + 41. Let d(g) = g**3 - g**2 - g + 5. Let w be d(0). Suppose 3*b - r = -2*s, 10 = w*b - 3*b + 2*s. What is the units digit of b?
2
Suppose w - 20 = -3*k, 3*w + 20 = 2*k - k. Suppose 3*r - 7*r = -m - k, r + 4 = m. What is the units digit of m?
8
Let i be 2/3 + (-111)/(-9). Let s = i + 7. What is the tens digit of s?
2
Suppose 2*p = -3*d + 102, 0*d - d - 3*p + 41 = 0. Suppose 4*y - 8 = d. What is the units digit of y?
0
Let z(u) be the third derivative of 2*u**2 - 1/60*u**5 + 0*u + 1/4*u**4 + 0 + u**3. What is the units digit of z(5)?
1
Suppose 5 + 4 = -3*s. Let u(k) = k**2 - 11*k. Let o(z) = -z**2 + 10*z - 1. Let y(d) = s*u(d) - 4*o(d). What is the units digit of y(7)?
4
Let k(z) = -z**2 - 3*z - 4. Let d be k(-4). Let o = 9 - d. What is the units digit of o?
7
Let h = -7 + 34. What is the units digit of h?
7
Let c = -23 + 15. Let k = c - -20. What is the units digit of k?
2
Suppose -7*y - 62 = -447. What is the tens digit of y?
5
Suppose -7 + 61 = 3*r. Let o = r - 12. Let g = -5 + o. What is the units digit of g?
1
Suppose -1075 = -0*q - 4*q - 5*z, 10 = -2*z. What is the tens digit of q?
7
Suppose 0 = 2*u + 3*j - 44, -4*j = -5*u + 12 + 144. What is the units digit of u?
8
Let l = -3 + 5. Suppose 4*q - 5*k = l*q + 36, -k = q - 11. What is the units digit of q?
3
Suppose -3*v + 39 + 123 = 0. Suppose 161 + v = 5*a. What is the tens digit of a?
4
Suppose i + i = 78. What is the units digit of i?
9
Suppose 0 = 2*b - 39 - 81. What is the tens digit of b?
6
Let h(s) = s + 6. Let c be h(-8). Let p(d) = 10*d**2 + 5*d + 4. What is the units digit of p(c)?
4
Let b = 3 + -8. Let z = b - -10. What is the units digit of z?
5
Suppose -3*k = -2*k - 1. Let j(z) = 5*z**2 - 2*z - 1. Let u be j(-1). Let b = u + k. What is the units digit of b?
7
Suppose 0 = 2*z - 0*z + d - 10, -5*d = -4*z - 8. Suppose -4*k = 4, k = z*i - i - 73. What is the tens digit of i?
3
Let l = 24 - -9. What is the units digit of l?
3
Let d(f) = -37*f + 2. What is the units digit of d(-1)?
9
Suppose 0 = i - 4*p + 10, -3*i + p + 8 = -17. What is the units digit of i?
0
Let s(i) = -i + 18. Let b be s(9). Suppose 0 = k - z - 20, -5*z - b = 11. What is the tens digit of k?
1
Suppose -86 = -3*s - 2*v, -v = s + 2*v - 17. What is the units digit of s?
2
Let k(a) be the third derivative of -a**4/24 + 5*a**3/2 - a**2. What is the units digit of k(8)?
7
Suppose -b + 37 = -25. Suppose 3*o + 20 = m, 2*o + o = 4*m - b. Let p = -5 + m. What is the units digit of p?
9
Let p = -252 + 414. What is the tens digit of p?
6
Let p be 11/(-55) + (-51)/(-5). Suppose 2*n + 3*n = -s + 135, -2*s + p = 0. What is the units digit of n?
6
Let b = -114 + 302. What is the hundreds digit of b?
1
Suppose 4*z = 5*d - 12, -4*z + 8*z + 8 = 4*d. Suppose -3*n = z*q + 2*n, -3*q = -3*n. Let i = q - -3. What is the units digit of i?
3
Suppose m - 4*m + 204 = 0. What is the tens digit of m?
6
Suppose -5*w + 10 = 0, 3*w + w = z - 7. What is the units digit of z?
5
Suppose -68 - 12 = 5*l. Let r = -9 - l. What is the units digit of 51/r + (-10)/35?
7
Suppose -5*a - 336 = -11. Let r = -39 - a. What is the tens digit of r?
2
What is the hundreds digit of -1 + (10 + -7)/(3/290)?
2
Suppose 5*m - 5 = -35. Let o(a) = -a**2 - 9*a - 2. Let s be o(m). Let u = s - 4. What is the tens digit of u?
1
Suppose 16*s - 13*s = 1026. What is the tens digit of s?
4
Let w(j) = -j**3 + 9*j**2 - 5. Let b be w(5). Suppose -b = -2*x + m, -m - 230 = -5*x - 0*m. Suppose 5*u + x = 4*p - 2*p, 4*u = -4. What is the tens digit of p?
2
Suppose 5*h - 2*q - 147 = -14, 3*h - 5*q - 95 = 0. Suppose -j + 0 + 6 = -4*u, -5*u + h = 0. What is the units digit of j?
6
Suppose